(m) = 4*m**2 + 20*m - 1. What is h(d)?
-1
Let b be (-6)/234*-699 - (-3)/39. Let q(u) be the third derivative of 0 - 1/60*u**5 + 0*u**3 + 0*u - b*u**2 + 1/6*u**4. What is q(5)?
-5
Let i(t) be the first derivative of -4*t**3/3 - 7*t**2/2 - 9*t - 2604. What is i(-1)?
-6
Let y(q) = -102*q + 10. Let m(t) = 29*t + 1. Let j(i) = 3*m(i) + y(i). What is j(3)?
-32
Let q be -12*(16/3)/8 + 5. Let m(o) = o**3 + o**2 + o + 1. Let u(b) = -2*b**3 - 4*b**2 + b. Let i(a) = -m(a) - u(a). Give i(q).
5
Suppose -5*h - 36 = -6*l, 0 = -0*h + 2*h - 2*l + 12. Let z(f) = -f**2 + 5*f + 7. Give z(h).
7
Let u(l) = -14*l**2 - 2*l + l + 20 - 35 + 15*l**2 - 3*l. Determine u(7).
6
Let f(q) be the first derivative of -4*q**3/3 + 3*q**2/2 + 2*q + 2339. Give f(-1).
-5
Let i(q) = 2*q**3 - 4*q**2 + q + 2. Let f be i(2). Suppose 2 + 18 = -f*v. Let d(n) = -2*n - 6. Let z(h) = -4*h - 11. Let l(w) = -5*d(w) + 3*z(w). What is l(v)?
7
Let p(c) = c**3 - 4*c**2 - 9*c + 2. Let v be -5*(90/(-25))/3. What is p(v)?
20
Let c(k) = 4*k + 2. Let n be (8/(-6))/(6/(-27))*4/(-3). What is c(n)?
-30
Suppose 3*q = n + n + 1, n = 5*q - 11. Let j(x) = -4 - q*x - 13*x**2 + 12*x**2 + 13*x. Suppose s = 15*s - 126. Calculate j(s).
5
Let a(b) = b**2 + 2*b. Suppose 0 = 48*c - 50*c + 4. Suppose -12 = c*r - o, -5*r = -2*o + 10 + 18. Calculate a(r).
8
Let m = -5022 - -5017. Let k(q) = -7*q**2 - 3*q + 2. Let j(l) = 4*l**2 + l - 1. Let t(x) = -5*j(x) - 3*k(x). Calculate t(m).
4
Let l be 0 + (-2 + 1 - 0). Let o(v) = 3*v - 47. Let u be o(24). Let a(g) = -17*g**2 - 6*g**2 + 17*g**3 - 6 + 5 + u*g**2. Determine a(l).
-16
Let s(a) = a**2 + a + 1. Let t(y) = 3*y**3 - y**2 - 1. Let i be t(-1). Let r(u) = u**2 + 7*u + 7. Let x be r(i). Give s(x).
7
Let y(z) = -18*z**2 + 216*z + 154. Let w(j) = 28*j**2 - 324*j - 246. Let h(b) = -5*w(b) - 8*y(b). Determine h(27).
-2
Let a(h) be the third derivative of -h**6/120 + h**5/5 + 7*h**4/8 + h**3 - 25*h**2. Let k be a(14). Let b = k + 86. Let l(r) = -r**2 - 6*r + 1. Determine l(b).
1
Let m(p) = -p**2 + 15*p + 52. Let v be m(18). Let t(s) = -4*s - 3. What is t(v)?
5
Let l(g) be the second derivative of 83*g**3/6 - 4*g**2 - g - 3074. Calculate l(-1).
-91
Let r(m) = m + 3. Let u be r(-3). Suppose 3*p - 2*p - 2*z - 5 = 0, u = -4*p + 3*z. Let t(l) = -5 + 4*l + 7 + l**2 - 1 - 1. Determine t(p).
-3
Let k be -599*(-1)/4 + 4/16. Let w = 226 - k. Let f be w/(-10) + 16/(-40). Let q(n) = -n**3 - 7*n**2 + 9*n + 5. Give q(f).
-3
Let o(u) be the first derivative of -u**3 + 3*u**2/2 - 5*u + 6386. Give o(1).
-5
Let u(l) be the first derivative of -l**2 - 5*l - 435. Let x(a) = -2*a**3 + 2*a**2 + a. Let z be x(2). Determine u(z).
7
Suppose 4*s - 5*q + 3 + 16 = 0, -3*q = -9. Let w(j) = 6*j - 1. Let y(f) = 11*f - 2. Let u(h) = -7*w(h) + 3*y(h). Determine u(s).
10
Let d(c) be the third derivative of -134*c**2 - 1/8*c**4 + c**3 + 0 + 0*c. Determine d(5).
-9
Let r be (-7)/2*2 - (21 - 21)/50. Let s(y) = y**2 + 8*y + 5. Determine s(r).
-2
Let z = -315 - -318. Let a(d) = -z*d - 50*d**2 + d**3 + 47*d**2 + 2*d + 5. Give a(4).
17
Let r(v) be the first derivative of v**3/3 - 3*v + 1. Let a = 416 - 417. Let f be (-3)/((-9)/(-3) - (-2)/a). Determine r(f).
6
Let b(a) = -a**3 + 2*a**2 - 29*a + 4. Let m(x) = 5*x**3 - 9*x**2 + 125*x - 18. Let r(s) = -13*b(s) - 3*m(s). What is r(-2)?
18
Let f(j) = -5*j - 3. Suppose 0 = 3*i + 12, -s - s - 4 = i. Suppose -r + 5*r = s, 4*r = 5*k + 15. What is f(k)?
12
Suppose 5*r - p - 79 + 37 = 0, 0 = -5*r - 4*p + 7. Let a(u) = -u**2 + 9*u - 3. What is a(r)?
11
Suppose -4*l + 72 = 22*l - 6. Let o(u) be the first derivative of 39 + 13*u + 4*u**2 - 1/3*u**l. Give o(10).
-7
Let y(p) = -2*p**2 + 1 + 4*p**2 + 2*p - 4. Suppose -26*w + v + 19 = -29*w, 0 = -3*w - 2*v - 29. What is y(w)?
9
Let o(y) = -y**3 - 4*y**2 + 19*y - 1. Suppose -u = 5*s + 33, -3*u + 6 + 0 = 0. Determine o(s).
13
Suppose 22 - 4 = -3*y. Let m be (21/y)/((-6)/(-12)). Let g(a) = a**2 + a + 2. Calculate g(m).
44
Let h(d) = d**3 - 5*d**2 - 2*d - 10. Suppose -6*c + 3376 = 3340. What is h(c)?
14
Suppose -17 + 0 = -17*t. Suppose -m = -2*l + 5*l - 7, l = -t. Let y(f) = -f**2 + 13*f + 12. Calculate y(m).
42
Suppose -13*c = -9*c - 2*y - 374, -3*c + 282 = -3*y. Let m = c - 88. Let r(w) = w**2 - 3*w - 1. Determine r(m).
9
Suppose -243*j = -233*j. Let i(n) be the second derivative of -2*n**2 + j - 5/3*n**3 + 1/12*n**4 - 4*n. Give i(10).
-4
Let u(z) = -8 + 4*z + 12 + 2*z**2 - 14*z**2 + 8*z**2 - 6. Let d(a) = a**3 + 2*a**2 - a. Let h be d(-2). Calculate u(h).
-10
Let d = 71 + -66. Let c(n) = 5 + 0 - 1 - d - n. Suppose -y + 257 = 253. Determine c(y).
-5
Let b(t) = 6*t**2 + t - 13. Let d(f) = -7*f**2 + 14. Let p(j) = 6*b(j) + 5*d(j). Let o be 2 - (-28)/(-16) - 16350/(-40). Let v = o - 415. What is p(v)?
-8
Let f(z) = -z + 22. Let t(o) = 16*o + 18*o - 2*o**3 - 32*o - 2 - o**2 - 2. Let a be t(-2). Suppose 0 = q - a*x + x, -3*q + 3*x = 0. Calculate f(q).
22
Suppose -5*z - 3*c = -18, z - 2 + 0 = c. Let f(h) be the first derivative of -h**2 + 2*h + 697. What is f(z)?
-4
Let f(t) = -15*t**2 + t + 2. Let x(v) = 536*v**2 - 267*v**2 - 267*v**2. Let u(y) = -f(y) - 6*x(y). Suppose 5*m - 14 = -4*z + 9, -5 = 2*z - 3*m. What is u(z)?
8
Let i(x) = 19*x**2 - 285*x + 22. Let f be i(15). Let l(q) = q**3 - 22*q**2 + 2*q - 24. Calculate l(f).
20
Let n = 18 + -16. Suppose n*y + 0*y - 5*m - 15 = 0, 40 = -4*y - 4*m. Let k(z) = 55*z**2 - 6 + z**3 + 3*z + 2*z - 49*z**2. Determine k(y).
-6
Let n(a) be the first derivative of a**3/3 + 11*a**2/2 - 25*a + 2182. Give n(-13).
1
Let b(y) = -13*y - 5. Let q(j) = 5*j + 2. Suppose -18 - 2 = 2*i - 2*m, 5*m = -5*i. Let s(r) = i*q(r) - 2*b(r). Determine s(3).
3
Let t = -11 - -17. Suppose -q + 10 = -3*o, -4*q + 2*o - 6*o = -8. Let r(f) = -1 + 3 - t + 3 + 2*f**2 - q*f. What is r(3)?
5
Let y(d) = -d + 10. Suppose 0 = 29*s + 39*s - 31 - 241. What is y(s)?
6
Let a = 20 + -22. Let n(u) = -3*u**2 - 4*u. Let g(k) = 14*k**2 + 15*k - 2. Let m(r) = -g(r) - 5*n(r). Determine m(a).
-4
Let s(a) = -3*a + 84. Let p(u) = -u**3 + 5*u**2 + 28. Let k be p(5). What is s(k)?
0
Let a be -1*53 + (-3 + -1 - -5). Let p be 160/6 + a/(-39). Let l = p - 23. Let s(b) = b**2 - 6*b - 1. Calculate s(l).
-6
Suppose -99*y - 95 = -80*y. Let m(t) = 2*t**2 - 5*t - 12. Calculate m(y).
63
Let f(g) = -36*g**3 + 3*g**3 + 31*g**3 - 2*g**2 + 13*g**3 + g. Give f(1).
10
Let b(k) be the second derivative of 0 - 1/20*k**5 - k**3 - k**2 - 21*k + 5/12*k**4. Determine b(5).
-32
Let v(l) = 8*l**2 - 177*l - 645. Let c(o) = o**2 - 22*o - 82. Let r(a) = 47*c(a) - 6*v(a). Calculate r(29).
-13
Let n = -505 - -297. Let l = 215 + n. Let j(a) = a**3 - 6*a**2 - 6*a + 2. Determine j(l).
9
Let k(i) = i**2 - 1. Suppose 0 = -397*x + 399*x + 4. Let l be k(x). Let w(y) = 2*y**2 - 3*y - 2. What is w(l)?
7
Let s(v) = v**3 + 15*v**2 - 15*v + 17. Suppose 0*i - 3855 = 5*a + 5*i, -5*i = 4*a + 3085. Let m = a - -754. Determine s(m).
1
Let d be ((-22)/12)/((-8)/48). Let a(r) = r + 6. Let j(k) = -18. Let m(n) = a(n) + j(n). Calculate m(d).
-1
Let w(b) = 10*b + 1. Let j = -502 + 502. Suppose j = -5*i - 15, -3*i - 11 - 1 = -s. Calculate w(s).
31
Let y(l) = -13 + 2 - 5*l**2 + 2605*l - 5246*l + 2630*l. Determine y(-2).
-9
Let z(o) = 12*o - 4. Suppose -40*r + 34*r + 84 = 0. Let w(b) = 7*b - 94. Let t be w(r). What is z(t)?
44
Let d(w) = w**3 - 14*w**2 + 4*w + 21. Let u(g) = g**3 + 5*g**2 - 10*g - 18. Let y be u(-2). What is d(y)?
77
Let s(j) = j + 0*j - 7 - 9 + 5. Let d(a) = 0 + 3 - 108*a**2 + 24*a + 107*a**2 + 3. Let q be d(24). Calculate s(q).
-5
Let w(d) = 3*d - 25. Let b = 41 + -31. Let s be w(b). Suppose -h + 3*g + 30 = -4*h, s*g + 36 = -3*h. Let p(t) = -t**3 - 6*t**2 + 4*t - 5. What is p(h)?
16
Suppose 47 = 3*z - 5*x - 0, -5*z + 100 = -4*x. Let b = 87 + 31. Let k be (-2)/(z/b) + 2/(-12). Let o(p) = -p**2 - 9*p + 7. What is o(k)?
-3
Let f(k) = 40*k + 45*k - 17 - 94*k - 39. Let z(b) = 4*b + 26. Let x(l) = -3*f(l) - 7*z(l). Determine x(-9).
-5
Suppose -a + 16 = 5*b, a = -b + 4*a. Let s(p) = 29*p**3 - p - 30*p**3 - p - b*p**2. Determine s(-4).
24
Let c(l) = 698*l + 5588. Let m be c(-8). Let a(k) = 6*k + 0*k + 0 - 4 - 10. Give a(m).
10
Let r(a) = a**2 - 318*a - 5*a**2 - 294*a - 19 + 608*a. Calculate r(-3).
-43
Let u(n) = n**3 + 5*n**2 - 46*n - 238. Let a be u(-5). Let v(d) = -d**3 - 8*d**2 - d - 18. What i